{"id":7,"date":"2021-11-09T15:23:30","date_gmt":"2021-11-09T15:23:30","guid":{"rendered":"https:\/\/www2.aeeugeniodecastro.pt\/?page_id=7"},"modified":"2021-11-09T15:23:30","modified_gmt":"2021-11-09T15:23:30","slug":"contacto","status":"publish","type":"page","link":"https:\/\/www2.aeeugeniodecastro.pt\/?page_id=7","title":{"rendered":"Contacto"},"content":{"rendered":"\n<p>Esta \u00e9 uma p\u00e1gina com algumas informa\u00e7\u00f5es b\u00e1sicas de contacto, tais como uma morada e o n\u00famero de telefone. Tamb\u00e9m poder\u00e1 usar um plugin para adicionar um formul\u00e1rio de contacto.<\/p>\n","protected":false},"excerpt":{"rendered":"<p>Esta \u00e9 uma p\u00e1gina com algumas informa\u00e7\u00f5es b\u00e1sicas de contacto, tais como uma morada e o n\u00famero de telefone. Tamb\u00e9m poder\u00e1 usar um plugin para adicionar um formul\u00e1rio de contacto.<\/p>\n","protected":false},"author":1,"featured_media":0,"parent":0,"menu_order":0,"comment_status":"closed","ping_status":"closed","template":"","meta":{"footnotes":""},"class_list":["post-7","page","type-page","status-publish","hentry"],"_links":{"self":[{"href":"https:\/\/www2.aeeugeniodecastro.pt\/index.php?rest_route=\/wp\/v2\/pages\/7","targetHints":{"allow":["GET"]}}],"collection":[{"href":"https:\/\/www2.aeeugeniodecastro.pt\/index.php?rest_route=\/wp\/v2\/pages"}],"about":[{"href":"https:\/\/www2.aeeugeniodecastro.pt\/index.php?rest_route=\/wp\/v2\/types\/page"}],"author":[{"embeddable":true,"href":"https:\/\/www2.aeeugeniodecastro.pt\/index.php?rest_route=\/wp\/v2\/users\/1"}],"replies":[{"embeddable":true,"href":"https:\/\/www2.aeeugeniodecastro.pt\/index.php?rest_route=%2Fwp%2Fv2%2Fcomments&post=7"}],"version-history":[{"count":1,"href":"https:\/\/www2.aeeugeniodecastro.pt\/index.php?rest_route=\/wp\/v2\/pages\/7\/revisions"}],"predecessor-version":[{"id":14,"href":"https:\/\/www2.aeeugeniodecastro.pt\/index.php?rest_route=\/wp\/v2\/pages\/7\/revisions\/14"}],"wp:attachment":[{"href":"https:\/\/www2.aeeugeniodecastro.pt\/index.php?rest_route=%2Fwp%2Fv2%2Fmedia&parent=7"}],"curies":[{"name":"wp","href":"https:\/\/api.w.org\/{rel}","templated":true}]}}